{"id":2290,"date":"2023-09-27T22:03:47","date_gmt":"2023-09-27T22:03:47","guid":{"rendered":"https:\/\/agropecuariacentenario.com.ar\/nuevo\/?product=turbo-can-20-kg"},"modified":"2023-11-02T19:49:52","modified_gmt":"2023-11-02T19:49:52","slug":"turbo-can-20-kg","status":"publish","type":"product","link":"https:\/\/agropecuariacentenario.com.ar\/nuevo\/producto\/turbo-can-20-kg\/","title":{"rendered":"TURBO CAN 20 kg"},"content":{"rendered":"<p>Recomendado para perro adulto de raza mediana\/grande.,Comida seca.,Sabor: Pollo o carne.,Sabor, nutrici\u00f3n y alta digestibilidad garantizada para tu mascota.,Im\u00e1genes ilustrativas. El paquete puede variar seg\u00fan peso.,Consult\u00e1 precio por cantidad.<\/p>\n","protected":false},"excerpt":{"rendered":"<p>Recomendado para perro adulto de raza mediana\/grande.,Comida seca.,Sabor: Pollo o carne.,Sabor, nutrici\u00f3n y alta digestibilidad garantizada para tu mascota.,Im\u00e1genes ilustrativas. El paquete puede variar seg\u00fan peso.,Consult\u00e1 precio por cantidad.<\/p>\n","protected":false},"featured_media":3654,"template":"","meta":{"_joinchat":[]},"product_cat":[246,256],"product_tag":[],"class_list":{"0":"post-2290","1":"product","2":"type-product","3":"status-publish","4":"has-post-thumbnail","6":"product_cat-secos-alimentos-para-perro","7":"product_cat-turbo-can","9":"first","10":"instock","11":"shipping-taxable","12":"purchasable","13":"product-type-simple"},"yoast_head":"<!-- This site is optimized with the Yoast SEO plugin v21.5 - https:\/\/yoast.com\/wordpress\/plugins\/seo\/ -->\n<title>TURBO CAN 20 kg - Agropecuaria Centenario<\/title>\n<meta name=\"robots\" content=\"index, follow, max-snippet:-1, max-image-preview:large, max-video-preview:-1\" \/>\n<link rel=\"canonical\" href=\"https:\/\/agropecuariacentenario.com.ar\/nuevo\/?product=turbo-can-20-kg\" \/>\n<meta property=\"og:locale\" content=\"es_ES\" \/>\n<meta property=\"og:type\" content=\"article\" \/>\n<meta property=\"og:title\" content=\"TURBO CAN 20 kg - Agropecuaria Centenario\" \/>\n<meta property=\"og:description\" content=\"Recomendado para perro adulto de raza mediana\/grande.,Comida seca.,Sabor: Pollo o carne.,Sabor, nutrici\u00f3n y alta digestibilidad garantizada para tu mascota.,Im\u00e1genes ilustrativas. El paquete puede variar seg\u00fan peso.,Consult\u00e1 precio por cantidad.\" \/>\n<meta property=\"og:url\" content=\"https:\/\/agropecuariacentenario.com.ar\/nuevo\/?product=turbo-can-20-kg\" \/>\n<meta property=\"og:site_name\" content=\"Agropecuaria Centenario\" \/>\n<meta property=\"article:modified_time\" content=\"2023-11-02T19:49:52+00:00\" \/>\n<meta name=\"twitter:card\" content=\"summary_large_image\" \/>\n<script type=\"application\/ld+json\" class=\"yoast-schema-graph\">{\"@context\":\"https:\/\/schema.org\",\"@graph\":[{\"@type\":\"WebPage\",\"@id\":\"https:\/\/agropecuariacentenario.com.ar\/nuevo\/?product=turbo-can-20-kg\",\"url\":\"https:\/\/agropecuariacentenario.com.ar\/nuevo\/?product=turbo-can-20-kg\",\"name\":\"TURBO CAN 20 kg - Agropecuaria Centenario\",\"isPartOf\":{\"@id\":\"https:\/\/agropecuariacentenario.com.ar\/nuevo\/#website\"},\"datePublished\":\"2023-09-27T22:03:47+00:00\",\"dateModified\":\"2023-11-02T19:49:52+00:00\",\"breadcrumb\":{\"@id\":\"https:\/\/agropecuariacentenario.com.ar\/nuevo\/?product=turbo-can-20-kg#breadcrumb\"},\"inLanguage\":\"es\",\"potentialAction\":[{\"@type\":\"ReadAction\",\"target\":[\"https:\/\/agropecuariacentenario.com.ar\/nuevo\/?product=turbo-can-20-kg\"]}]},{\"@type\":\"BreadcrumbList\",\"@id\":\"https:\/\/agropecuariacentenario.com.ar\/nuevo\/?product=turbo-can-20-kg#breadcrumb\",\"itemListElement\":[{\"@type\":\"ListItem\",\"position\":1,\"name\":\"Portada\",\"item\":\"https:\/\/agropecuariacentenario.com.ar\/nuevo\/\"},{\"@type\":\"ListItem\",\"position\":2,\"name\":\"Shop\",\"item\":\"https:\/\/agropecuariacentenario.com.ar\/nuevo\/shop\/\"},{\"@type\":\"ListItem\",\"position\":3,\"name\":\"TURBO CAN 20 kg\"}]},{\"@type\":\"WebSite\",\"@id\":\"https:\/\/agropecuariacentenario.com.ar\/nuevo\/#website\",\"url\":\"https:\/\/agropecuariacentenario.com.ar\/nuevo\/\",\"name\":\"Agropecuaria Centenario\",\"description\":\"\",\"potentialAction\":[{\"@type\":\"SearchAction\",\"target\":{\"@type\":\"EntryPoint\",\"urlTemplate\":\"https:\/\/agropecuariacentenario.com.ar\/nuevo\/?s={search_term_string}\"},\"query-input\":\"required name=search_term_string\"}],\"inLanguage\":\"es\"}]}<\/script>\n<!-- \/ Yoast SEO plugin. -->","yoast_head_json":{"title":"TURBO CAN 20 kg - Agropecuaria Centenario","robots":{"index":"index","follow":"follow","max-snippet":"max-snippet:-1","max-image-preview":"max-image-preview:large","max-video-preview":"max-video-preview:-1"},"canonical":"https:\/\/agropecuariacentenario.com.ar\/nuevo\/?product=turbo-can-20-kg","og_locale":"es_ES","og_type":"article","og_title":"TURBO CAN 20 kg - Agropecuaria Centenario","og_description":"Recomendado para perro adulto de raza mediana\/grande.,Comida seca.,Sabor: Pollo o carne.,Sabor, nutrici\u00f3n y alta digestibilidad garantizada para tu mascota.,Im\u00e1genes ilustrativas. El paquete puede variar seg\u00fan peso.,Consult\u00e1 precio por cantidad.","og_url":"https:\/\/agropecuariacentenario.com.ar\/nuevo\/?product=turbo-can-20-kg","og_site_name":"Agropecuaria Centenario","article_modified_time":"2023-11-02T19:49:52+00:00","twitter_card":"summary_large_image","schema":{"@context":"https:\/\/schema.org","@graph":[{"@type":"WebPage","@id":"https:\/\/agropecuariacentenario.com.ar\/nuevo\/?product=turbo-can-20-kg","url":"https:\/\/agropecuariacentenario.com.ar\/nuevo\/?product=turbo-can-20-kg","name":"TURBO CAN 20 kg - Agropecuaria Centenario","isPartOf":{"@id":"https:\/\/agropecuariacentenario.com.ar\/nuevo\/#website"},"datePublished":"2023-09-27T22:03:47+00:00","dateModified":"2023-11-02T19:49:52+00:00","breadcrumb":{"@id":"https:\/\/agropecuariacentenario.com.ar\/nuevo\/?product=turbo-can-20-kg#breadcrumb"},"inLanguage":"es","potentialAction":[{"@type":"ReadAction","target":["https:\/\/agropecuariacentenario.com.ar\/nuevo\/?product=turbo-can-20-kg"]}]},{"@type":"BreadcrumbList","@id":"https:\/\/agropecuariacentenario.com.ar\/nuevo\/?product=turbo-can-20-kg#breadcrumb","itemListElement":[{"@type":"ListItem","position":1,"name":"Portada","item":"https:\/\/agropecuariacentenario.com.ar\/nuevo\/"},{"@type":"ListItem","position":2,"name":"Shop","item":"https:\/\/agropecuariacentenario.com.ar\/nuevo\/shop\/"},{"@type":"ListItem","position":3,"name":"TURBO CAN 20 kg"}]},{"@type":"WebSite","@id":"https:\/\/agropecuariacentenario.com.ar\/nuevo\/#website","url":"https:\/\/agropecuariacentenario.com.ar\/nuevo\/","name":"Agropecuaria Centenario","description":"","potentialAction":[{"@type":"SearchAction","target":{"@type":"EntryPoint","urlTemplate":"https:\/\/agropecuariacentenario.com.ar\/nuevo\/?s={search_term_string}"},"query-input":"required name=search_term_string"}],"inLanguage":"es"}]}},"_links":{"self":[{"href":"https:\/\/agropecuariacentenario.com.ar\/nuevo\/wp-json\/wp\/v2\/product\/2290","targetHints":{"allow":["GET"]}}],"collection":[{"href":"https:\/\/agropecuariacentenario.com.ar\/nuevo\/wp-json\/wp\/v2\/product"}],"about":[{"href":"https:\/\/agropecuariacentenario.com.ar\/nuevo\/wp-json\/wp\/v2\/types\/product"}],"wp:featuredmedia":[{"embeddable":true,"href":"https:\/\/agropecuariacentenario.com.ar\/nuevo\/wp-json\/wp\/v2\/media\/3654"}],"wp:attachment":[{"href":"https:\/\/agropecuariacentenario.com.ar\/nuevo\/wp-json\/wp\/v2\/media?parent=2290"}],"wp:term":[{"taxonomy":"product_cat","embeddable":true,"href":"https:\/\/agropecuariacentenario.com.ar\/nuevo\/wp-json\/wp\/v2\/product_cat?post=2290"},{"taxonomy":"product_tag","embeddable":true,"href":"https:\/\/agropecuariacentenario.com.ar\/nuevo\/wp-json\/wp\/v2\/product_tag?post=2290"}],"curies":[{"name":"wp","href":"https:\/\/api.w.org\/{rel}","templated":true}]}}